 + 9457 = -u. List the prime factors of k.
11, 13
Let r = 67160 - 40027. What are the prime factors of r?
43, 631
Suppose 165091 = 5*h - 4*z, -2*h + 22*z - 18*z = -66022. What are the prime factors of h?
33023
Let x = -50 + 64. Suppose 7*w - x*w + 2919 = 0. List the prime factors of w.
3, 139
What are the prime factors of (22968/77)/(9 + -11 - 843/(-420))?
2, 3, 5, 29
Let x be (24/3 - -4)*3. Let f be 54/x*((-29)/(-3) - 1). Let r = -7 + f. List the prime factors of r.
2, 3
Let w = 65 - 26. Suppose -s + 4*x + 314 = 0, 352 = s - 5*x + w. List the prime factors of s.
2, 3, 53
Let w = 479 + -166. Let n = w + 450. List the prime factors of n.
7, 109
Let a be (-4 + 15)/((-1)/(-9)). Suppose 96*b + 1245 = a*b. What are the prime factors of b?
5, 83
Let q(s) = 701*s**2 - 185*s - 4. What are the prime factors of q(-7)?
2, 3, 5, 11
Suppose 0 = 2*v + 3*t - 0*t - 32028, 19*v + t = 304486. List the prime factors of v.
2, 3, 2671
Suppose -2*o = -15 - 25. Suppose m - 2*m = y - 7, -4*m - 2*y + o = 0. Suppose -323 = -m*s + 37. List the prime factors of s.
2, 3, 5
Let l(p) be the second derivative of -1/20*p**5 + 5/6*p**3 - 3/2*p**2 + 9*p + p**4 + 0. What are the prime factors of l(12)?
3, 19
Let r be 3281/(-8)*2 - 6/8. Let z = -583 - r. Suppose f - z = -3*o, 4*f + 0*o - o = 926. What are the prime factors of f?
2, 29
Suppose 0 = 19*v - 23*v - 8. What are the prime factors of 0*v/8 + 4 + 300?
2, 19
Let w = 1396 + -826. Suppose -w = -11*q + 1377. List the prime factors of q.
3, 59
Let o = -64123 + 93001. What are the prime factors of o?
2, 3, 4813
Let m(l) = 14*l**2 - 91*l + 2482. What are the prime factors of m(76)?
2, 5, 7643
Let t = -23074 + 30885. List the prime factors of t.
73, 107
Suppose -p + 4 = o, -12 + 4 = -2*o. Suppose -16*t + 7*t + 36 = p. Suppose 4*x = -t*x + 1448. What are the prime factors of x?
181
Suppose -6*d + 3872 = -2*d + 4*w, -5*d = w - 4824. Suppose -3*p = -u - 0*u - d, -1287 = -4*p + u. Let h = p + -170. What are the prime factors of h?
3, 17
Let i = 161 - 140. Suppose 4*h = 3*p + 6194, 2*p + 1551 = -20*h + i*h. List the prime factors of h.
7, 13, 17
Let n(z) = -537*z - 89. Let h(p) = -107*p - 18. Let i(u) = -11*h(u) + 2*n(u). What are the prime factors of i(2)?
2, 113
Suppose 32 = -6003*t + 6011*t. Let s(r) be the third derivative of r**5/60 + r**4/8 - r**3/3 + r**2. What are the prime factors of s(t)?
2, 13
Let m(q) = -q**2 + 6*q. Let u be m(5). Suppose 2*x - u*j = 286 + 639, 0 = 4*x - 3*j - 1843. What are the prime factors of (x/(-16))/((-2)/8)?
5, 23
Let v = -28098 - -48571. What are the prime factors of v?
59, 347
List the prime factors of (3188674/(-824))/(2/(-8)).
23, 673
Let z(b) = 497*b**2 - 82*b + 52. What are the prime factors of z(-6)?
2, 11, 419
Suppose 65 = -91*s + 86*s. Let f(a) = 4*a**2 + 18*a - 25. List the prime factors of f(s).
3, 139
Let o be (1243/(-22))/((-1)/2). Suppose -p = t - o - 222, 4*t + 2*p = 1348. What are the prime factors of t?
3, 113
Let c = 14555 - 7495. List the prime factors of c.
2, 5, 353
Let w(k) = -29*k - 13. Let u be w(-3). Let f(i) = u*i**2 - 39*i**2 + i + 0*i. What are the prime factors of f(1)?
2, 3
Suppose 0 = 886*b - 891*b - 4*k + 181076, b + 5*k - 36211 = 0. List the prime factors of b.
2, 3, 503
Let a(h) = -h**3 + 7*h**2 + 8*h - 12. Let l(t) be the second derivative of -t**3/3 - 8*t**2 + 36*t. Let u be l(-11). List the prime factors of a(u).
2, 3
Suppose -3*m + 6*o + 15416 = 4*o, 5 = o. List the prime factors of m.
2, 3, 857
Let k(f) = 2134*f**2 - 591*f + 2365. List the prime factors of k(4).
5, 6829
Suppose -10 + 66 = 28*w. What are the prime factors of 5693*16/60 - w/15?
2, 3, 11, 23
Suppose 0 = -419*i + 105*i + 4910960. What are the prime factors of i?
2, 5, 17, 23
Let u(b) = -8*b - 24. Let q be u(-3). Suppose q = -4*t + 4*o + 68, 80 = 5*t + o - 23. List the prime factors of t.
2, 5
Suppose 4*n = -6*n - 1540. What are the prime factors of (n - -158) + (2 - 1)*193?
197
Let p be (-476)/20 - 4/(-5). Let d = p - -25. Suppose -3*l + d*c = -54, l - 2*c = -c + 18. List the prime factors of l.
2, 3
Let u = 6982 - 2143. What are the prime factors of u?
3, 1613
Let c be (2/(-5))/(1*1/(-415)). Let k = -138 + c. Suppose -h = -267 + k. What are the prime factors of h?
239
Suppose 2*p + 0 = 8. Let z be 165 - ((-4)/2 + p + -1). Suppose l - z = -3*a + 2*l, 5*l = 4*a - 226. List the prime factors of a.
2, 3
Let g = 6667 - 4274. List the prime factors of g.
2393
List the prime factors of (-40)/(-5) + 52091 + -1 + -10 + -5.
3, 643
Let f = 138 - 135. Suppose -k = -3*i - 134, 2*k + f*i = i + 284. What are the prime factors of k?
2, 5, 7
Let q be (-2)/2*(6 + -6222)/7. Suppose 0 = -q*j + 887*j + 349. List the prime factors of j.
349
Let i = 15876 + -11605. What are the prime factors of i?
4271
Let w = 565 - 553. What are the prime factors of ((-1052)/12)/((-2)/w)?
2, 263
Suppose -2343403 = -123*b + 16482 - 377371. List the prime factors of b.
2, 8059
Suppose 68*o - 53891 + 32050 = 60235. List the prime factors of o.
17, 71
Suppose 4*l - 40 = 84. Suppose -34*g + l*g = -528. List the prime factors of g.
2, 11
Suppose 5*b = 2*w + 145497, 3*w = -36*b + 40*b - 116392. List the prime factors of b.
29101
Let v(s) = 533*s**2 + 7*s - 242*s**2 - 6 + 365*s**2. List the prime factors of v(1).
3, 73
Let b(q) = -452*q**3 - q**2 - 2*q. Let s be b(-1). Let n = s - 160. List the prime factors of n.
293
Let t(k) = 9*k**2 - 62*k - 195. Let w be t(-3). Let h = 197 - 69. Let g = h - w. List the prime factors of g.
2, 7
Suppose -21*a + 175 + 77 = 0. Let g = 283 + a. What are the prime factors of g?
5, 59
Let k = 28 - -53. Let d = k - 112. List the prime factors of ((0 - 8) + 5)*d.
3, 31
Suppose -244*s + 4591442 + 2564346 = 0. What are the prime factors of s?
29327
Let b(n) = n + 1. Let d(g) = -4*g - 27. Let y be d(-7). Let f(x) = -25*x - 32. Let l(j) = y*f(j) - 5*b(j). What are the prime factors of l(-9)?
233
Let i(m) = -m**3 + 8*m**2 - 6*m + 7. Suppose 0 = -2*q - 3*q + 2*s + 37, -s = -5*q + 36. Let u be i(q). List the prime factors of u/(-49) + 1250/14.
89
Suppose 6 = -3*s + 4*x, -15*s + 17*s + 11 = 5*x. Suppose 5*t - 3931 = s*d, -4*t + 4*d = -t - 2353. List the prime factors of t.
787
Suppose 7*u - 17 + 3 = 0. Suppose 36 = -d - u*d. List the prime factors of 29 - (-2)/(8/d).
2, 13
Let r be (-32)/(-128) + 1/(-4)*(-42)/6. Let g(p) = p - 1. Let h be g(-5). List the prime factors of 1408/14 - (h/7)/r.
101
Let o = 36676 - 11128. What are the prime factors of o?
2, 3, 2129
Let f = -13107 - -65489. List the prime factors of f.
2, 11, 2381
Let i(h) = h**3 + 28*h**2 - 69*h. Let p = 127 + -157. List the prime factors of i(p).
2, 3, 5
Let l(m) = 864*m + 341. List the prime factors of l(8).
7253
List the prime factors of 3288*((-12)/(-48))/((-2)/(-89 - 5)).
2, 3, 47, 137
List the prime factors of 146/8*(271 - -137).
2, 3, 17, 73
Let k = 2311 - 1219. Let b = k - 775. What are the prime factors of b?
317
Let z(t) = -t - 4. Let b(n) = n + 1. Let u be b(4). Let i be z(u). What are the prime factors of ((-6)/i)/(4/150)?
5
Let n(m) = m + 2. Let y(b) = -7*b + 2. Let k(w) = -4*n(w) + y(w). Let v(p) = p**2 + 5*p - 3. Let f be v(-5). List the prime factors of k(f).
3
Let y(h) be the second derivative of h**3/6 + 19*h**2/2 + h. Let x be y(-12). Suppose 5*v = -2*o + 163, -x*o + 3*o = 3*v - 305. List the prime factors of o.
2, 37
Let y = 20 - 18. Suppose -y*n = -3*n - 1088. What are the prime factors of n/(-12) - 2/3?
2, 3, 5
Let a(m) = -11*m**2 - 739*m. List the prime factors of a(-35).
2, 3, 5, 7, 59
Let p = -158 - -278. List the prime factors of p/(-780) + ((-1746)/(-26) - -1).
2, 17
Let c(m) = -7*m**3. Let v be c(-1). Let b be (3 - v)/(7/(-35)). What are the prime factors of (-1393)/(-9) - -1 - b/(-90)?
2, 3, 13
Suppose -4*o + u + 3*u + 97016 = 0, 0 = -3*o + 9*u + 72714. What are the prime factors of o?
2, 7, 1733
Let t(n) = 631*n**2 + 18*n + 56. Let q be t(-4). Suppose -4*u = -28*u + q. List the prime factors of u.
2, 3, 5, 7
Let v(m) = 5871*m - 12670. List the prime factors of v(13).
53, 1201
Suppose -5*a + 5*s = 10, -5*a - 5 = -3*s + 7. Let q be (115/69)/((-15)/(-18)). List the prime factors of (q/a)/((-28)/1974).
47
Let i(o) = 3*o**2 - 249*o - 33. List the prime factors of i(-24).
3, 2557
Let p = 55907 + -32316. What are the prime factors of 